r*h + 15338 = 9*h. Is h a prime number?
True
Suppose -6 = -4*k + k. Let y(u) = 12*u**2 - u. Is y(k) a composite number?
True
Let g(j) = -1087*j - 134. Is g(-13) a prime number?
True
Let w(b) = b**3 + 6*b**2 - 8*b - 6. Let h be w(-7). Suppose 3 = -p + d + h, p = -2*d + 4. Suppose 2*i - 6*i - 2*r + 504 = p, 0 = -3*i + r + 383. Is i prime?
True
Let f(j) be the third derivative of -j**5/60 - j**4/2 - 3*j**3 + 5*j**2. Is f(-10) a prime number?
True
Suppose -21 = -5*f - 6. Is (f + (-361)/(-3))*(-6)/(-4) a composite number?
True
Is 4663/((2 - 4)/(-2)) a prime number?
True
Let c(a) = 312*a**3 + 2*a**2 + 9*a - 12. Is c(3) a prime number?
False
Let k = 12 + -21. Let m = 5 + k. Is 12/m - -1*214 prime?
True
Let k(y) = -7*y - 2. Let u be k(-1). Suppose u*r = r + 876. Is r a prime number?
False
Suppose 65865 = -z + 16*z. Is z prime?
True
Let l(d) = -106*d + 38. Let o(k) = -52*k + 19. Let p(h) = 3*l(h) - 7*o(h). Is p(20) a composite number?
True
Suppose 0 = -12*a + 396707 + 621217. Is a prime?
True
Suppose 3288 = -7*n + 11*n. Is n/14 - 14/(-49) a prime number?
True
Is (-60)/(-6) - 5 - -11364 a prime number?
True
Let r = 729 - -1424. Is r a prime number?
True
Let m be (-248)/(-16) + 1/2. Suppose 0*o + 4*o - m = 0. Suppose 5*r - 91 = 5*a - 1, 0 = 2*r - o*a - 34. Is r a prime number?
True
Is (-2687)/(-1)*(-20 + -1)/(-3) prime?
False
Suppose -g - 2*q + 22 = 0, 5*g = -3*q - 2*q + 100. Is 5234/g - ((-40)/18 - -2) a composite number?
True
Is 59692/(-36)*-3*(-6)/(-2) prime?
True
Suppose -5*v - 13 = 3*j - 0*j, -24 = 4*j + 5*v. Let m(h) = -210*h + 23. Is m(j) a composite number?
False
Suppose 3765 = 16*f - f. Is f prime?
True
Let q(h) be the first derivative of 35*h**2 + h + 2. Suppose 6 = b + 4. Is q(b) prime?
False
Is (0 - (-5 + 6)) + 29328 a composite number?
False
Suppose 0 = -i + d + 4, 5*i - 2*d - d = 18. Suppose i*z + 4*h = -6, -6*z + 11 = -2*z - h. Is 2*z*234/24 composite?
True
Suppose 22705 = -18*w + 266407. Is w composite?
True
Suppose 13*q - 19*q + 2724 = 0. Suppose -t = -3831 + q. Is t a composite number?
True
Suppose i - 12060 = -5*d + 3*d, 0 = -5*d - i + 30147. Is d a prime number?
True
Let h = -58870 + 85151. Is h a composite number?
True
Suppose -3*z = -2*q - 0*q - 5, 4*q = 4*z. Suppose -5*d - 1742 = -q*u + 1693, 4*u - 2760 = -2*d. Is u prime?
False
Let w(i) be the second derivative of 3/4*i**4 + 2/3*i**3 + 0 + 9*i + 3/2*i**2. Is w(-2) a prime number?
True
Suppose 2*i - 3*i = -182. Suppose -34 = k - 3*m - 2*m, -4*k = 3*m + i. Let h = k + 81. Is h composite?
False
Is 811/2 + (2/4 - -1) a composite number?
True
Let k be 3/(15/20) - -4. Is (-3126)/k*44/(-33) a prime number?
True
Let h be ((-4)/16)/((-4)/16). Is (33/(-3)*h)/(3/(-69)) composite?
True
Let t = 6517 - 4091. Is t a prime number?
False
Let j = 913 + -602. Suppose -7*u + j + 3378 = 0. Is u composite?
True
Let i(p) be the third derivative of 11*p**4/6 + 15*p**3/2 - p**2 - 43. Is i(5) a prime number?
False
Suppose 2*w + 1 = -l, 5*w + 5*l + 0*l = -15. Suppose -3*u + 2605 = w*u. Is u composite?
False
Let n = 26 - 24. Suppose 0 = 4*y - 4*j + 112, -4*j - 54 = n*y - 10. Is 39/y*2*-11 prime?
False
Let c = 32130 + -17639. Is c a composite number?
True
Suppose 2*v + 1527 - 5668 = -3*o, 5*o = -4*v + 6903. Is o prime?
False
Let q(i) = -27*i**3 - 5*i**2 - i - 4. Is q(-5) composite?
False
Suppose -14*h + 11*h = c - 1909, 5*c - 3*h - 9455 = 0. Is c composite?
True
Suppose 3*g - g + 4*k - 1220 = 0, -g + 3*k + 605 = 0. Let j(p) = -6*p + 4*p + g + 33. Is j(0) a composite number?
False
Suppose -16 = -3*b - 10. Suppose 2*t = 4*n - 1926 + 11620, n = -b*t + 9714. Is t a prime number?
False
Let g be (-4)/6*18/(-4). Let m be 15/27*g*3. Suppose -12 = -m*j - 2. Is j prime?
True
Suppose 4*t = -4*f - 984, 2*t + 2*f + 3*f = -483. Let p = t + 1498. Is p composite?
False
Suppose 0 = -4*h + 5*t - 5, -3*t - 5 = -3*h - 8*t. Suppose h*z = 2*z - 6. Is ((-140)/6)/((-2)/z) prime?
False
Let y(s) = 16*s**2 - s - 5. Suppose 3*v = 2*i - 39, 2*i - 3*v - 21 = i. Let j be 76/i - 4/18. Is y(j) a prime number?
False
Is 1744/12 + 2/(-6) composite?
True
Let w(m) = 8*m**2 - 8*m - 3. Let t(r) = 9*r**2 - 9*r - 3. Let x(b) = -3*t(b) + 4*w(b). Is x(-4) composite?
False
Let u(g) = -21*g**3 + 8*g**2 + 4*g - 13. Let m(l) = -62*l**3 + 24*l**2 + 11*l - 40. Let b(o) = 3*m(o) - 8*u(o). Is b(-5) prime?
False
Let q(c) = -7*c**3 - 29*c**2 + 32*c + 25. Is q(-10) prime?
False
Let i(v) = 810*v - 19. Is i(9) a composite number?
True
Let s be 60/4*1/3. Let k(p) = p**3 - 6*p**2 + p + 2. Let g be k(s). Let f = 33 + g. Is f composite?
True
Suppose -y - 1048 + 4553 = 4*l, 2*y - 10 = 0. Suppose 3*a + 143 = -5*w + 2325, 2*w - l = a. Is w prime?
False
Suppose 21 = 3*l - 2*l + 3*c, l + 5*c = 11. Let m be l/(-42)*(-7)/2. Suppose 5*w + m*z = 1012, -z - 611 = -3*w + z. Is w a prime number?
False
Is (1 - 0)*(18173 + -11 + 7) prime?
True
Let y = 18 - 32. Let x(h) = -h**3 - 12*h**2 - 13*h + 6. Let a be x(y). Suppose 6*z - a = 2*z. Is z prime?
False
Suppose 0 = 19*j + 225569 - 998850. Is j prime?
True
Is -2*((-1604)/8 - 4) a composite number?
False
Let d = -17 - -20. Suppose d*a + 3*k - 519 = 0, 2*a - 2*k - 371 = k. Is a composite?
True
Suppose -3*q = -4*q - 5*u, 0 = q - 5*u. Let r be 7/((-28)/(-152)) - 5. Suppose q*k = -k + r. Is k a composite number?
True
Let v = 442 + 9. Is v a prime number?
False
Suppose 3*v + 65 = 2*b, 0 = -0*b - 2*b - v + 53. Is 8/28 - (-30428)/b a prime number?
True
Let f(o) = -5*o**3 - 12*o**2 - 11*o - 1. Is f(-11) a prime number?
True
Let x(c) be the third derivative of -c**6/120 + 7*c**5/30 - 2*c**4/3 - 11*c**3/6 - 2*c**2. Let q(l) = -2*l + 56. Let u be q(22). Is x(u) prime?
False
Let i = 7 + -5. Is ((-544)/(-12) + i)*(-1 + 4) composite?
True
Suppose 6*n = n + 15. Is ((-11)/3)/(n/(-3015)*5) a composite number?
True
Let n be 0 + -2 + -2 - -9. Suppose -t - 4436 = -n*t. Suppose -2*g + 0*g - 5*z = -456, -5*g + 3*z + t = 0. Is g composite?
False
Let w(r) = r**2 - 62*r - 6. Let u(y) = 12*y + 1. Let d(t) = 11*u(t) + 2*w(t). Suppose 5*n - 5*b = -45, 3*n + 3 = n - 3*b. Is d(n) prime?
True
Suppose -8*p = -10*p - 6, 5*s + 3*p = 56156. Is s composite?
True
Suppose t + v = 3580, -5*t = 3*v + v - 17901. Is t prime?
True
Let z be 66*19*(-9)/(-6)*1. Suppose p = 4*c + z, -3*p - p + 3*c + 7589 = 0. Is p a prime number?
True
Let c = -89 + 2808. Is c a prime number?
True
Let q(p) = 495*p**2 - 248*p**2 + 5*p**3 + 4 - 246*p**2 - 5. Let n(h) = h - 2. Let g be n(5). Is q(g) a prime number?
False
Let s(i) = -49*i - 9. Suppose 3*f - 6 = 0, -2*w - f = -0*w + 26. Is s(w) prime?
True
Suppose 5*a + 3595 = 5*f, -5*f - 6*a + 9*a = -3595. Is f prime?
True
Let w(f) = -4686*f + 53. Is w(-6) a composite number?
True
Let h be 64/(-14) + (-4)/(-7). Let n(r) be the third derivative of 49*r**5/60 - r**4/6 + r**3/2 + r**2. Is n(h) a composite number?
True
Let u = 43 - -4. Suppose 18 = 3*r - 96. Let q = r + u. Is q a composite number?
True
Let b = 26 - 26. Suppose b = -5*p - 5*s + 2000, p + 2*s + 2*s = 391. Is p prime?
False
Let p(o) be the second derivative of 1/2*o**2 + 0 + 44/3*o**3 + o. Is p(3) prime?
False
Suppose -6855 = 9*m - 12*m. Is m a prime number?
False
Let x(m) = 209*m + 125. Is x(8) prime?
False
Let g(z) = z - 12 + 12. Let u be g(2). Suppose 0 = 3*b + 2*b + 25, u*a + 5*b - 37 = 0. Is a prime?
True
Let i(g) = -g - 2. Let b be i(-7). Let y = 8 - b. Suppose 4*l + n = 508, -y*n = 2*l - 252 - 2. Is l prime?
True
Let q be (5 - 4)*(-6)/(-2). Suppose 0*u + 15 = q*u. Suppose -5*i = u*l - 2040, -l - 2*l + 1234 = i. Is l composite?
True
Suppose 0 = 2*b + 5*i - 1, -5*b = -i - 18 + 2. Let d(z) = -51*z - 2. Let o be d(-6). Suppose 4*g = 4*n - o, 5*n - 2*g - 350 = -b*g. Is n composite?
False
Is (14/(1078/(-33)))/(4/(-206332)) a composite number?
True
Let y = 22326 - 625. Is y composite?
False
Let p(x) = -x**3 + 7*x**2 - 9*x - 2. Let q be p(4). Suppose q*k = 5*k + 2215. Is k composite?
False
Is -2 + 15447/2*4/6 a prime number?
True
Let x(k) = -5579*k - 524. Is x(-9) a prime number?
False
Let n be (-150)/9*11/(55/(-78)). Suppose y = n - 11. Is y composite?
True
Suppose -7*x + 14*x = -14. Is (2304 + x)/((-2)/2 - -3) composite?
False
Suppose 2*o + 2054 = 5*h + 301, -3*o + h - 2610 = 0. Let z = -532 - o. Is z a composite number?
False
Suppose -4*l - 28 = -3*s, -2*s - 3*s + 2*l = -28. Suppose -1